te the highest common factor of x and p.
17
Let g be (5 - -2) + -6 - -8. Let r(m) = -m + 2. Let j be r(-7). Calculate the highest common divisor of g and j.
9
Let d be -3 + 13 + -3 + 2. Let y(p) = -p**2 + 10*p - 4. Let w be y(d). Let u be (330/(-9))/(2/(-3)). What is the highest common divisor of w and u?
5
Let d(p) = -460*p - 62. Let h be d(-2). What is the greatest common factor of h and 66?
66
Suppose d + 2*q + 44 = 6*d, 4*q = 5*d - 48. Suppose -d*f + 5*f + 21 = 0. Calculate the greatest common factor of 7 and f.
7
Let c(j) = 2*j**2 - 2*j - 7. Let b be c(5). Let g be (-44)/7*(-42)/12. Calculate the greatest common divisor of g and b.
11
Let q(o) = -7*o + 207. Let f be q(28). Calculate the greatest common divisor of f and 5.
1
Let l = 58 + -89. Let g = l - -101. Calculate the highest common divisor of 28 and g.
14
Let y = -55 - -55. Suppose y = v + 4*u - 163 - 1, -5*u + 601 = 4*v. What is the highest common divisor of 18 and v?
18
Let o be 18/(-30) + (-2418)/(-5). Suppose 0 = 6*y - o - 3. What is the greatest common factor of 27 and y?
27
Suppose 81 = 3*b + 5*y, -2*b - 4*y - 26 = -82. Let m = 494 + -710. Let c be (-2)/11 + m/(-99). Calculate the greatest common divisor of b and c.
2
Let v(d) = 31*d + 44. Let j be v(-1). Calculate the highest common factor of 13 and j.
13
Suppose -15*c + 46*c - 217 = 0. What is the greatest common divisor of c and 154?
7
Let m(r) = 3*r**2 + 31*r + 32. Let w be m(-10). Calculate the highest common divisor of 44 and w.
22
Suppose -100 = 4*m - 300. Let j be (-6)/(3 + 0 + (-152)/m). Calculate the greatest common divisor of 30 and j.
30
Let r(f) = 7*f + 5. Let t be r(3). Let v = 75 - 36. Calculate the greatest common divisor of v and t.
13
Suppose 18 - 58 = -2*a. Suppose 6*t = -t. Suppose t + 5 = h. Calculate the greatest common divisor of a and h.
5
Suppose -4*v - 3*a = -63, -5*a - 9 = -5*v + 26. Calculate the greatest common divisor of v and 672.
12
Let x(s) = -10*s**2 - 130*s + 7. Let y be x(-8). Calculate the greatest common factor of 37 and y.
37
Let q = 9 - 5. Let w(i) = 2*i + 5. Let p be w(5). Suppose -18 = -2*k - 3*t, -4*k + 2*t + p + 5 = 0. Calculate the highest common divisor of q and k.
2
Let y(w) = 3*w**2 + w + 2697. Let k be y(0). What is the highest common divisor of 93 and k?
93
Let q = 16 + -11. What is the highest common factor of 25 and q?
5
Let x(y) = 2*y**2 - 21*y - 4. Let m be x(11). Suppose -5*g + 6 = -a, g - 4*a = -2*g + m. Calculate the greatest common divisor of 1 and g.
1
Let k(o) = 21*o - 72. Let y be k(4). Calculate the greatest common divisor of 564 and y.
12
Let p be 63/(-6)*8/(-6). Suppose 1029*k - 56 = 1025*k. Calculate the highest common factor of p and k.
14
Let z(f) = -f**3 + 9*f**2 + f + 48. Let u be z(9). Calculate the highest common factor of u and 1083.
57
Let h(d) = -d**3 + 4*d**2 - 2*d + 7. Let u be h(4). Let j be -21 + 29 - (u - 0). Calculate the greatest common divisor of j and 3.
3
Let h = 29 - -26. What is the highest common divisor of 66 and h?
11
Let c be 2/2*(-6)/1. Let j = c + 27. Suppose -j*y + 15 = -16*y. What is the highest common divisor of 24 and y?
3
Let f(a) = -a**2 + 6*a - 3. Let d be f(3). Suppose 0 = -k - 3*z + 42, 0 = 4*k + 2*z - 211 + 23. What is the highest common factor of k and d?
6
Let j = -473 - -717. Let g = j - -31. Let z(f) = -7*f + 4. Let x be z(-3). What is the highest common divisor of g and x?
25
Let m be 220*(-3*(-55)/(-75) - -3). Calculate the highest common factor of 22 and m.
22
Suppose u = 5*j - 130 + 353, 0 = u - 3*j - 217. Let r be u/15 + 8/60. What is the highest common divisor of 28 and r?
14
Let i be 2/(-4)*(-221 + (7 - 4)). Suppose i*w + 110 = 111*w. What is the greatest common factor of w and 5?
5
Let t be 6/14 + (-2160)/(-105). Suppose 2*z - 141 + t = 0. What is the highest common factor of 40 and z?
20
Let t be (-6 + 209)*15/15. What is the highest common divisor of 21 and t?
7
Let d = 60 - -100. Suppose 4*w = d + 96. Calculate the highest common divisor of w and 8.
8
Suppose 0 = r + 2*t - 92, 9*t + 106 = r + 4*t. Suppose -8*v = -4*v - r. Calculate the greatest common divisor of v and 36.
12
Suppose 5*d - 1149 = 1551. Calculate the greatest common divisor of d and 40.
20
Let h = 27 + -12. Let g = 7 - 7. Let z(x) = -x**2 + x + 60. Let a be z(g). What is the greatest common factor of h and a?
15
Suppose -39*k + 57*k = 1242. What is the highest common divisor of 1104 and k?
69
Let n be (-110)/4*(-24)/5. Let r = n - 92. Suppose 3*x = -2*x + 40. What is the highest common divisor of x and r?
8
Let l(d) = -10 + 6*d - 8*d**2 + 7*d**2 - 7*d + 3*d**2. Let q be l(4). Calculate the highest common factor of q and 198.
18
Let v = -90 - -100. Let r be ((-5)/2)/(11/(-44)). What is the highest common divisor of v and r?
10
Suppose -4*i = -5*s + 6, 3*s - 7 = -4*i + 3*i. Let v be i/(-5)*-5 - -97. Let f be (v/28)/(1/22). What is the greatest common factor of 11 and f?
11
Let a = 83 - 83. Suppose -5*p + 2*p + 51 = a. What is the greatest common divisor of 17 and p?
17
Suppose 0 = 2*t - 6*t + 72. Let k = -17 + t. Calculate the highest common factor of k and 3.
1
Let y(r) = 104*r + 549. Let h be y(-5). What is the highest common divisor of h and 551?
29
Let x = 17 + -3. Let f be (x/35)/(2/550). Calculate the greatest common divisor of 22 and f.
22
Let a(v) = 36*v. Let y be a(6). Let s be ((-33)/6 - 27/(-18)) + (17 - -14). Calculate the greatest common divisor of s and y.
27
Let r(o) = -o**3 + 7*o**2 + 7*o + 6. Let k be r(8). Let x be k/(4/402*-3). Calculate the highest common factor of x and 335.
67
Suppose 0 = -4*a - 5*a - 1962. Let v = a - -224. Suppose -4*k - 3 = -15. What is the greatest common factor of v and k?
3
Suppose -4*a + 3*u + 2733 + 1476 = 0, -u = a - 1054. Calculate the greatest common factor of 162 and a.
81
Let k(y) = 2*y + 128. Let m be k(-25). Calculate the greatest common factor of m and 104.
26
Let u(o) = -o**3 + 11*o**2 + 13*o + 30. Let b = -27 + 39. Let a be u(b). What is the greatest common factor of 21 and a?
21
Let o(r) = 11*r - 3*r**2 - 3 - 7*r + r**2 + 5*r**3. Let t be o(2). Calculate the highest common factor of t and 259.
37
Suppose 3*d + 2*d = -100. Let g be ((-12)/10)/(2/d). Let a be -2*2/4*-5*54/90. What is the greatest common divisor of g and a?
3
Suppose 0*h - 2*n = -h + 6, -5*n - 4 = 3*h. Suppose 3*x + 3*j = 6*x - 90, -5*j + 53 = h*x. What is the highest common divisor of 29 and x?
29
Suppose -22*z - 2642 + 7306 = 0. What is the highest common divisor of 318 and z?
106
Let z(k) = -k**3 - 2*k**2 - 3*k - 10. Let n be z(-4). Suppose -v - v = -5*y + 417, 5*y - 437 = -3*v. What is the highest common factor of n and y?
17
Suppose 0 = -9*k + 221 + 427. Suppose -k*m + 176 = -68*m. What is the greatest common divisor of m and 11?
11
Suppose 0 = f + 15649 - 16648. Calculate the highest common divisor of 108 and f.
27
Let h = 338 + -329. Let l be ((-24)/(-5))/(3/45). Suppose 4*y - 180 = l. Calculate the greatest common factor of y and h.
9
Let s(g) = 14*g**2 - 19*g - 34. Let i be s(-2). What is the highest common factor of i and 165?
15
Suppose -1352 - 1651 = -7*v. Calculate the highest common factor of v and 39.
39
Let u be (2/((-40)/(-50)))/(10/184). What is the highest common divisor of 1219 and u?
23
Suppose 16*l + 69 = 17*l. Calculate the highest common divisor of l and 230.
23
Let t(m) = 4*m - 3. Let p(v) = v**2 - 13*v + 16. Let u be p(12). Let n be t(u). What is the highest common factor of n and 104?
13
Suppose 7*w - 3*w = 5*q - 385, 2*w + 156 = 2*q. Calculate the highest common factor of 1 and q.
1
Suppose 73*c + 16 = 77*c. Suppose 2*q + 3*i - 73 = 0, 64 + 70 = c*q + 2*i. What is the greatest common divisor of 32 and q?
32
Suppose 28 = 3*g - 152. Let v be ((-6)/(-8))/((4 + -2)/80). What is the greatest common factor of g and v?
30
Let g = -312 - -319. Calculate the greatest common factor of g and 161.
7
Let n be (8/5)/((-8)/(-20)). Let d be n - (-4 + 0/(-1)). Calculate the highest common divisor of d and 72.
8
Suppose 6*z + 39 = 3*z. Let c(u) = u + 9. Let g be c(z). Let x be 3/g + 350/40. Calculate the highest common divisor of 24 and x.
8
Let v(a) = -3 - 5*a - 4 + 6*a + a**2. Let t be v(10). Let z be 4/14 - t/(-7). What is the highest common divisor of 75 and z?
15
Suppose -1120 = 3*x - 19*x. Suppose 17*w = 7*w